- -209. Let n = i - -454. Suppose -n = -3*u - 5*l, 2*l = -3 + 1. What is the tens digit of u?
8
Suppose -m - 10 = -3*j - 4, 2*j - 4 = -3*m. Suppose -4*t - 484 = -4*d, -5*d - j*t + 191 + 407 = 0. Let g = 204 - d. What is the tens digit of g?
8
Let d = 125 + -122. Suppose -3*k + 4*z + 239 = 0, -26 = d*k - 3*z - 260. What is the units digit of k?
3
Suppose -2*u = -0*u + 6, 0 = -5*s + 4*u + 657. Suppose -3*v = -4*d - 217, -4*d + 7*d = -2*v + 156. Let c = s - v. What is the tens digit of c?
5
Let x = 460 + -461. What is the tens digit of (1/(1/(-17) + 0))/x?
1
Let k = -18986 + 37401. What is the thousands digit of k?
8
Let t = 433 + -428. Suppose -2071 = -3*f + t*m, 9*m - 10*m = -4*f + 2750. What is the hundreds digit of f?
6
Suppose 212122 = 24*i - 12038. Suppose -i - 19254 = -29*q. What is the hundreds digit of q?
9
Let f be (-1161)/(-8) + (-8)/(-320)*-5. What is the units digit of 9 + (f - 8 - -8)?
4
Let r(h) = 23*h**3 - h**2 + 2*h + 1. Suppose -8*d + 13 = -11. Suppose 8 = d*w + w. What is the units digit of r(w)?
5
Suppose 3*w - 50 + 408 = -n, w + 4*n = -112. Let t = 224 + w. What is the hundreds digit of t?
1
Let z(a) = -5*a**3 - 8*a**2 - 5*a + 19. Let b be z(-9). Let p = b + -2160. What is the hundreds digit of p?
9
Suppose 8*h + 142 = 30. Let a be 2/h - 38097/(-119). Let f = a + -116. What is the tens digit of f?
0
Let i be 173474/126 - 6/(-27). Let g = i - 893. What is the tens digit of g?
8
Suppose -w = -3*w + 4. What is the units digit of -2 - -3 - w - -46?
5
Suppose -8 = -2*l - 0*l - 2*g, -2*l = 3*g - 8. Suppose -l = t - 3*t. Suppose 2*v = -d + 71, 0 = 3*d - t*v - 2*v - 183. What is the units digit of d?
5
Let m(q) = -q**3 + 15*q**2 - 10*q - 6. Let r be (-1)/(-2) - 5/(-2). Let i(y) = 11*y - 19. Let f be i(r). What is the units digit of m(f)?
0
Suppose 3*r + 218 = -2*s, 4*s - 3*s + 4 = 0. Let y = 21 + r. Let p = -15 - y. What is the units digit of p?
4
Suppose 0 = 6*f + 3*f - 927. Let h = -43 + f. Let p = h - 40. What is the units digit of p?
0
Let x(a) = 23*a - 1. Let o(w) = -w**3 + 9*w**2 - 9*w + 19. Let k be o(8). Let b be x(k). Suppose 19*n - b = 17*n. What is the tens digit of n?
2
Let s be (27 + -6)*(-46)/(-3). Suppose 0 = -l + s + 45. What is the units digit of l?
7
Let u(y) = y**3 + 3*y**2 + 5*y + 3. Let k be u(-2). What is the tens digit of (1 - (-7276)/12) + 4/k?
0
Suppose 15*f - 10332 = 359478. What is the hundreds digit of f?
6
Suppose 6*i - 744 = 14*i. Let b = i - -95. Suppose 0 = 4*d - 4*w - 220, -5*d + 158 + 123 = -b*w. What is the tens digit of d?
5
Let m(s) = s - 4. Let v be (-8*8/80)/((-2)/20). Let c be m(v). Suppose c*n - u - 263 = 97, 2*n - 5*u = 162. What is the tens digit of n?
9
Let v = 64 - 34. Suppose 1 = 2*d + 3*l, -3*d = -2*l - 29 + 8. Suppose -v = d*t - 565. What is the tens digit of t?
0
Let s be 105/1*(4 + -3). Let y = -73 + s. Suppose 3*v - y = 58. What is the tens digit of v?
3
Let g be 1/(2/3 - 56/120). What is the hundreds digit of -17*1*(-32 - g)?
6
What is the thousands digit of (-829 - -43386) + 2/(-1)?
2
What is the tens digit of (1*(-1 - -2))/(7 + (-2802360)/400340)?
1
Suppose 3*k + 298 = -2*r + 6*k, 3*k + 131 = -r. Let q = 26 - -176. Let v = q + r. What is the units digit of v?
9
Suppose 0 = 2*i + 55 - 59. Suppose u + 0*u = -i. Let c(b) = -27*b + 5. What is the tens digit of c(u)?
5
Let q = 34 - -21. Let h be (0 - -1)*6/24*52. Suppose 114 = 5*j - 4*b, 4*b - h = -2*j + q. What is the tens digit of j?
2
Let r(b) = -41*b + 48. Let c(p) = p**2 - p - 1. Let d(j) = 2*c(j) - r(j). What is the hundreds digit of d(-24)?
1
Let x(w) = 2*w + 1. Let l(n) = -n**3 + 6*n**2 + 1. Let d be l(6). Let u(q) = 2*q**2 + q. Let y(r) = d*u(r) - 3*x(r). What is the units digit of y(5)?
2
Suppose 8*c = 3*l - 8068 - 100783, 2*l = -2*c + 72582. What is the ten thousands digit of l?
3
Let g be (-8)/44 + ((-680)/(-55))/2. What is the hundreds digit of 145435/174 + 1/g - -3?
8
What is the units digit of 2343/(-66)*(-317 - (-1 + 1))*2?
7
Suppose 4962 = -61*x + 55*x. Let q = -761 - x. What is the tens digit of q?
6
Let x = 848 + 835. What is the hundreds digit of x?
6
Let z(u) be the first derivative of -u**3/3 + 4*u**2 - 12*u + 9. Let j be z(6). Suppose 90 = 5*a - j*a. What is the tens digit of a?
1
Suppose 33699 = 10*p - 27151. What is the tens digit of p?
8
Let n(g) = g**3 - 26*g**2 - 34*g - 63. Suppose -33*v + 648 = -309. What is the thousands digit of n(v)?
1
What is the hundreds digit of 6*374 - (0 - 6 - 2)?
2
Suppose 0 = 5*o - 2*u - 161, -4*u - 118 = -4*o + 6. Let g be (44/o)/((-2)/(-3)). Suppose 4 = v, -c + g*v + 37 - 6 = 0. What is the units digit of c?
9
Let g = -86 + 83. Let x(u) = -u**2 - u + 9. Let k be x(g). What is the units digit of 1 - ((2 - k) + 1)?
1
Let b be 170 - (-7 + 14) - -3. Let z = 224 - b. What is the units digit of z?
8
What is the units digit of 4/(-1) - (-1321482)/59?
4
Let i = -3819 - -15340. What is the ten thousands digit of i?
1
Suppose -8 = -3*y - 26, 43434 = 4*g - y. What is the hundreds digit of g?
8
Let q = 21483 - 13760. What is the hundreds digit of q?
7
Let w be (-2 + -122)*(5 + -1 + -7). Let s = -87 - 175. Let v = w + s. What is the tens digit of v?
1
Let f = 148 - 56. Let o(p) = p**2 + p + 17. Let c be o(0). Let b = c + f. What is the hundreds digit of b?
1
What is the ten thousands digit of -4 + 39/(-12)*-3292?
1
Let p(l) = 2*l**3 - 29*l**2 - 14*l - 12. Let f be p(15). Suppose 0 = g - 5*y - 3 + 16, -75 = -5*g - f*y. What is the tens digit of g?
1
Let w(l) = l**3 - 5*l**2 + 3. Let n be w(4). Let p(g) = 21*g - 12. Let y be p(n). Let k = y + 404. What is the tens digit of k?
1
Suppose 5*g + 15263 = 3*z, -g - z - 1376 = 1675. Let i = -2163 - g. What is the units digit of i?
9
Let w = 737 + 1257. Suppose -2*v - 1502 = w. What is the units digit of v/(-10) + (-3)/(-15)?
5
Let l(f) be the first derivative of 10 - f + 59/2*f**2. What is the units digit of l(4)?
5
Let h(j) = 6*j + 61. Let f = 64 - 74. Let s be h(f). What is the tens digit of (-1189)/(-5) + 44/(-55) + s?
3
Let v(q) = -13*q**3 - 14*q**2 - 31*q - 275. What is the hundreds digit of v(-10)?
6
Let w(x) be the third derivative of 35*x**4/24 - 25*x**3/6 + x**2 + 1. What is the hundreds digit of w(6)?
1
Let o be (-46)/(-4)*2 + (-14 - -9). Suppose -2*p + 2*f = -814, -3*p - 13*f + 1221 = -o*f. What is the units digit of p?
7
What is the tens digit of (-6)/11 + 1606527/2277?
0
What is the thousands digit of 6124/((-112)/168*-1*3)?
3
Let w(m) = -599*m - 1252. What is the thousands digit of w(-34)?
9
Let x(s) be the first derivative of -17*s**2 - 39*s + 6. Let j(d) = 26*d + 48. Let n be j(-2). What is the tens digit of x(n)?
9
Suppose 2*s + 16*b = 15*b + 78115, 4*s = b + 156257. What is the ten thousands digit of s?
3
Let u(r) = r**3 - r**2 - 5*r + 5. Let n be u(3). Let l(g) = -11*g + 2*g**3 - g**3 - n + 7*g**2 - g. What is the tens digit of l(-8)?
2
Suppose -12*v = -v - 4026. Suppose -5*h + v = -3*h. What is the tens digit of h?
8
Let p(a) = 215*a + 1039. What is the units digit of p(5)?
4
Let f(p) = -p**3 - 7479*p - 16*p**2 - 36 + 7500*p - 19. What is the units digit of f(-19)?
9
Let t = -110 - -113. Suppose 5*k - t*k = 4. Suppose 5*i = -3*y + 6*y + 243, -k*i - 4*y = -118. What is the tens digit of i?
5
Suppose 2*g + 2*a + 142 = 0, -2*g - 4*a - 59 - 81 = 0. Let c = g - -76. Suppose -c*x - 3*y + 67 = 0, 2*x - x - 2*y - 3 = 0. What is the tens digit of x?
1
Let w be (-4)/(-6) + (-8215)/(-93). Suppose -5*y = 10, -w = -2*m + 5*y + 705. What is the hundreds digit of m?
3
Suppose 0 = 4*g - 2*o + 170, 4*o = -3*g + 6*o - 130. Suppose -5*a + 4*k = -939 + 210, 3*a = 4*k + 439. Let u = g + a. What is the hundreds digit of u?
1
Let c = 2 + 20. Let a(y) = y - 18. Let t be a(c). Suppose 0 = -3*g + t*g - 3*l - 26, -g - 5*l = -50. What is the tens digit of g?
3
Let a(x) = -4*x - 11. Let v be a(-10). Suppose 0*s - s = v. Let p = s - -47. What is the tens digit of p?
1
Let j = 196 + -203. What is the tens digit of (-4982)/j + 76/266?
1
Let m = -5309 - -3735. Let v = 2428 + m. What is the hundreds digit of v?
8
Suppose 0 = 2*j - 4*m - 12934, -564*j + 563*j + 6470 = -m. What is the tens digit of j?
7
Let k(h) = h**2 + 15*h + 54. Let s be k(-10). Suppose 2*c + s*m - 488 - 82 = 0, -3*c - 2*m + 859 = 0. What is the hundreds digit of c?
2
Suppose -5*p - 11*f + 1